{"id":150,"date":"2013-12-21T18:58:51","date_gmt":"2013-12-21T18:58:51","guid":{"rendered":"http:\/\/www.dzs-z.hu\/tura\/?page_id=150"},"modified":"2017-03-31T14:14:56","modified_gmt":"2017-03-31T14:14:56","slug":"budai","status":"publish","type":"page","link":"http:\/\/www.dzs-z.hu\/tura\/budai","title":{"rendered":"Budai-hegys\u00e9g"},"content":{"rendered":"<div class=\"brcs\">\u2217 <a title=\"T\u00fara le\u00edr\u00e1sok, ismertet\u00fak dzs-z t\u00fara k\u00e9pei\" href=\"\/tura\">T\u00fara<\/a> \u00bb <a title=\"Dzs-z t\u00fara le\u00edr\u00e1sok a Budai-hegys\u00e9g ter\u00fclet\u00e9n t\u00f6rt\u00e9nt t\u00fara \" href=\"\/tura\/budai\">Budai-hegys\u00e9g ter\u00fclet\u00e9n t\u00f6rt\u00e9nt t\u00fara<\/a><\/div>\n<div class=\"brcs\">\n\n<ul class=\"get_posts_class\">\n  <li><span class=\"gpc-c1\"><a href=\"http:\/\/www.dzs-z.hu\/tura\/budai\/paprikas-patak-vizeses-solymari-var\"><img width=\"150\" height=\"150\" src=\"http:\/\/www.dzs-z.hu\/turawp\/wp-content\/uploads\/2018\/11\/budai-solymar-paprikas-patak-vizeses-150x150.jpg\" class=\"attachment-thumbnail size-thumbnail wp-post-image\" alt=\"\" decoding=\"async\" \/><\/a><\/span><span class=\"gpc-c2\"><a href=\"http:\/\/www.dzs-z.hu\/tura\/budai\/paprikas-patak-vizeses-solymari-var\">Paprik\u00e1s-patak v\u00edzes\u00e9s, solym\u00e1ri v\u00e1r<\/a><\/span><span class=\"gpc-c3\">2018-11-03 09:03:35<\/span><span class=\"gpc-c4\">Solym\u00e1ri-v\u00e1r, Paprik\u00e1s-patak \u00e9s a Paprik\u00e1s-pataki-v\u00edzes\u00e9s megl\u00e1togat\u00e1sa, k\u00f6nnyen bej\u00e1rhat\u00f3, hangulatos gyerekbar\u00e1t t\u00fara.<\/span><a href=\"http:\/\/www.dzs-z.hu\/tura\/budai\/paprikas-patak-vizeses-solymari-var\">Tov\u00e1bb<\/a><\/li>\n  <li><span class=\"gpc-c1\"><a href=\"http:\/\/www.dzs-z.hu\/tura\/egyeb\/okt\/orszagos-kektura-huvosvolgy-piliscsaba-2016-06-11\"><img width=\"150\" height=\"150\" src=\"http:\/\/www.dzs-z.hu\/turawp\/wp-content\/uploads\/2017\/04\/okt-huvosvolgy-150x150.jpg\" class=\"attachment-thumbnail size-thumbnail wp-post-image\" alt=\"\" decoding=\"async\" \/><\/a><\/span><span class=\"gpc-c2\"><a href=\"http:\/\/www.dzs-z.hu\/tura\/egyeb\/okt\/orszagos-kektura-huvosvolgy-piliscsaba-2016-06-11\">Orsz\u00e1gos K\u00e9kt\u00fara H\u0171v\u00f6sv\u00f6lgy - Piliscsaba 2016-06-11<\/a><\/span><span class=\"gpc-c3\">2016-06-11 22:25:48<\/span><span class=\"gpc-c4\">A szakasz egyik v\u00e9ge a Piliscsabai vas\u00fat\u00e1llom\u00e1s, \u00fagy d\u00f6nt\u00f6ttem, hogy a Solym\u00e1r vas\u00fat\u00e1llom\u00e1sig mentem ki aut\u00f3val, mert innen indulva k\u00f6nnyen el lehet a 64-es BKV busszal \u00e9rni a H\u0171v\u00f6sv\u00f6lgyi kiindul\u00f3 \u00e1llom\u00e1st. <\/span><a href=\"http:\/\/www.dzs-z.hu\/tura\/egyeb\/okt\/orszagos-kektura-huvosvolgy-piliscsaba-2016-06-11\">Tov\u00e1bb<\/a><\/li>\n  <li><span class=\"gpc-c1\"><a href=\"http:\/\/www.dzs-z.hu\/tura\/egyeb\/okt\/okt-orszagos-kek-tura-teljesiteseink\"><img width=\"150\" height=\"150\" src=\"http:\/\/www.dzs-z.hu\/turawp\/wp-content\/uploads\/2013\/12\/okt-orszagos-kektura-150x150.jpg\" class=\"attachment-thumbnail size-thumbnail wp-post-image\" alt=\"\" decoding=\"async\" \/><\/a><\/span><span class=\"gpc-c2\"><a href=\"http:\/\/www.dzs-z.hu\/tura\/egyeb\/okt\/okt-orszagos-kek-tura-teljesiteseink\">OKT Orsz\u00e1gos K\u00e9kt\u00fara teljes\u00edt\u00e9seink<\/a><\/span><span class=\"gpc-c3\">2013-12-22 15:54:41<\/span><span class=\"gpc-c4\">Az Orsz\u00e1gos K\u00e9kt\u00fara teljes\u00edt\u00e9seink le\u00edr\u00e1sa, a k\u00e9kt\u00fara szakaszok \u00f6sszefoglal\u00f3ja.<\/span><a href=\"http:\/\/www.dzs-z.hu\/tura\/egyeb\/okt\/okt-orszagos-kek-tura-teljesiteseink\">Tov\u00e1bb<\/a><\/li>\n  <li><span class=\"gpc-c1\"><a href=\"http:\/\/www.dzs-z.hu\/tura\/budai\/budaors-szechenyi-hegy-tura-2005-01-08\"><img width=\"150\" height=\"150\" src=\"http:\/\/www.dzs-z.hu\/turawp\/wp-content\/uploads\/2014\/10\/budai-budaors-150x150.jpg\" class=\"attachment-thumbnail size-thumbnail wp-post-image\" alt=\"\" decoding=\"async\" \/><\/a><\/span><span class=\"gpc-c2\"><a href=\"http:\/\/www.dzs-z.hu\/tura\/budai\/budaors-szechenyi-hegy-tura-2005-01-08\">Buda\u00f6rs - Sz\u00e9chenyi-hegy t\u00fara 2005-01-08<\/a><\/span><span class=\"gpc-c3\">2005-01-08 06:55:49<\/span><span class=\"gpc-c4\">Buda\u00f6rsr\u0151l indultunk, hogy arr\u00f3l az oldalr\u00f3l k\u00f6zel\u00edts\u00fck meg a Sz\u00e9chenyi-hegyet \u00e9s a fogaskerek\u0171t.<\/span><a href=\"http:\/\/www.dzs-z.hu\/tura\/budai\/budaors-szechenyi-hegy-tura-2005-01-08\">Tov\u00e1bb<\/a><\/li>\n<\/ul><\/div>\n<h3>Budai-hegys\u00e9g ter\u00fclet\u00e9n t\u00f6rt\u00e9nt t\u00fara<\/h3>\n<p class=\"tab2\">2005-01-08 :: <a title=\"Buda\u00f6rs \u2013 Sz\u00e9chenyi-hegy t\u00fara 2005-01-08\" href=\"http:\/\/www.dzs-z.hu\/tura\/budai\/budaors-szechenyi-hegy-tura-2005-01-08\">Buda\u00f6rs t\u00fara<\/a> Buda\u00f6rsr\u0151l indultunk, hogy arr\u00f3l az oldalr\u00f3l k\u00f6zel\u00edts\u00fck meg a Sz\u00e9chenyi-hegyet \u00e9s a fogaskerek\u0171t.<\/p>\n<p>2005-01-16 :: <a title=\"T\u00fara a J\u00e1nos-hegyre Budakeszir\u0151l 2005-01-16\" href=\"http:\/\/www.dzs-z.hu\/tura\/budai\/tura-a-janos-hegyre-budakeszirol-2005-01-16\">J\u00e1nos-hegyi s\u00e9ta<\/a> Budakeszi volt az indul\u00f3 \u00e1llom\u00e1s. Onnan ment\u00fcnk fel a J\u00e1nos-hegyre, majd onnan egy erdei \u00f6sv\u00e9nyen kereszt\u00fcl les\u00e9t\u00e1ltunk a v\u00e1rosba. V\u00e9gezet\u00fcl a T\u00fcnd\u00e9r-szikla ker\u00fclt sorra.<\/p>\n<p>2005-08-19 :: <a href=\"\/tura\/Budai\/Budakeszi20050819\/index.html\">Budakeszi 2005.08.19<\/a> Budakeszi k\u00f6rny\u00e9k\u00e9n s\u00e9t\u00e1ltunk egyet. Tett\u00fcnk egy s\u00e9t\u00e1t az erd\u0151ben, majd megl\u00e1togattuk a vadasparkot.<\/p>\n<p>2007-02-04 :: <a href=\"\/tura\/Budai\/Budakalasz\/index.html\">Budakal\u00e1sz<\/a> Budakal\u00e1szra ment\u00fcnk ki H\u00c9V-vel, majd onnan indultunk s\u00e9t\u00e1ra. Pom\u00e1zra ment\u00fcnk \u00e1t.<\/p>\n<div class=\"inpostadsfull\"><div style=\"margin:10px auto;text-align:center;\"><script async src=\"\/\/pagead2.googlesyndication.com\/pagead\/js\/adsbygoogle.js\"><\/script><!-- Dzs-recept-1 --><ins class=\"adsbygoogle\"     style=\"display:inline-block;width:728px;height:90px\"     data-ad-client=\"ca-pub-5246420517641697\"     data-ad-slot=\"3352945761\"><\/ins><script>(adsbygoogle = window.adsbygoogle || []).push({});<\/script><\/div><\/div>","protected":false},"excerpt":{"rendered":"<p>\u2217 T\u00fara \u00bb Budai-hegys\u00e9g ter\u00fclet\u00e9n t\u00f6rt\u00e9nt t\u00fara Budai-hegys\u00e9g ter\u00fclet\u00e9n t\u00f6rt\u00e9nt t\u00fara 2005-01-08 :: Buda\u00f6rs t\u00fara Buda\u00f6rsr\u0151l indultunk, hogy arr\u00f3l az oldalr\u00f3l k\u00f6zel\u00edts\u00fck meg a Sz\u00e9chenyi-hegyet \u00e9s a fogaskerek\u0171t. 2005-01-16 :: J\u00e1nos-hegyi s\u00e9ta Budakeszi volt az indul\u00f3 \u00e1llom\u00e1s. Onnan ment\u00fcnk fel a J\u00e1nos-hegyre, majd onnan egy erdei \u00f6sv\u00e9nyen kereszt\u00fcl les\u00e9t\u00e1ltunk a v\u00e1rosba. V\u00e9gezet\u00fcl a T\u00fcnd\u00e9r-szikla ker\u00fclt [&hellip;]<\/p>\n","protected":false},"author":1,"featured_media":0,"parent":0,"menu_order":0,"comment_status":"closed","ping_status":"closed","template":"page-hegyseg.php","meta":{"footnotes":""},"_links":{"self":[{"href":"http:\/\/www.dzs-z.hu\/tura\/wp-json\/wp\/v2\/pages\/150"}],"collection":[{"href":"http:\/\/www.dzs-z.hu\/tura\/wp-json\/wp\/v2\/pages"}],"about":[{"href":"http:\/\/www.dzs-z.hu\/tura\/wp-json\/wp\/v2\/types\/page"}],"author":[{"embeddable":true,"href":"http:\/\/www.dzs-z.hu\/tura\/wp-json\/wp\/v2\/users\/1"}],"replies":[{"embeddable":true,"href":"http:\/\/www.dzs-z.hu\/tura\/wp-json\/wp\/v2\/comments?post=150"}],"version-history":[{"count":6,"href":"http:\/\/www.dzs-z.hu\/tura\/wp-json\/wp\/v2\/pages\/150\/revisions"}],"predecessor-version":[{"id":615,"href":"http:\/\/www.dzs-z.hu\/tura\/wp-json\/wp\/v2\/pages\/150\/revisions\/615"}],"wp:attachment":[{"href":"http:\/\/www.dzs-z.hu\/tura\/wp-json\/wp\/v2\/media?parent=150"}],"curies":[{"name":"wp","href":"https:\/\/api.w.org\/{rel}","templated":true}]}}

Budai-hegység

<div class="brcs">∗ <a title="Túra leírások, ismertetúk dzs-z túra képei" href="/tura">Túra</a> » <a title="Dzs-z túra leírások a Budai-hegység területén történt túra " href="/tura/budai">Budai-hegység területén történt túra</a></div>
<div class="brcs">

<ul class="get_posts_class">
  <li><span class="gpc-c1"><a href="http://www.dzs-z.hu/tura/budai/paprikas-patak-vizeses-solymari-var"><img width="150" height="150" src="http://www.dzs-z.hu/turawp/wp-content/uploads/2018/11/budai-solymar-paprikas-patak-vizeses-150x150.jpg" class="attachment-thumbnail size-thumbnail wp-post-image" alt="" decoding="async" /></a></span><span class="gpc-c2"><a href="http://www.dzs-z.hu/tura/budai/paprikas-patak-vizeses-solymari-var">Paprikás-patak vízesés, solymári vár</a></span><span class="gpc-c3">2018-11-03 09:03:35</span><span class="gpc-c4">Solymári-vár, Paprikás-patak és a Paprikás-pataki-vízesés meglátogatása, könnyen bejárható, hangulatos gyerekbarát túra.</span><a href="http://www.dzs-z.hu/tura/budai/paprikas-patak-vizeses-solymari-var">Tovább</a></li>
  <li><span class="gpc-c1"><a href="http://www.dzs-z.hu/tura/egyeb/okt/orszagos-kektura-huvosvolgy-piliscsaba-2016-06-11"><img width="150" height="150" src="http://www.dzs-z.hu/turawp/wp-content/uploads/2017/04/okt-huvosvolgy-150x150.jpg" class="attachment-thumbnail size-thumbnail wp-post-image" alt="" decoding="async" /></a></span><span class="gpc-c2"><a href="http://www.dzs-z.hu/tura/egyeb/okt/orszagos-kektura-huvosvolgy-piliscsaba-2016-06-11">Országos Kéktúra Hűvösvölgy - Piliscsaba 2016-06-11</a></span><span class="gpc-c3">2016-06-11 22:25:48</span><span class="gpc-c4">A szakasz egyik vége a Piliscsabai vasútállomás, úgy döntöttem, hogy a Solymár vasútállomásig mentem ki autóval, mert innen indulva könnyen el lehet a 64-es BKV busszal érni a Hűvösvölgyi kiinduló állomást. </span><a href="http://www.dzs-z.hu/tura/egyeb/okt/orszagos-kektura-huvosvolgy-piliscsaba-2016-06-11">Tovább</a></li>
  <li><span class="gpc-c1"><a href="http://www.dzs-z.hu/tura/egyeb/okt/okt-orszagos-kek-tura-teljesiteseink"><img width="150" height="150" src="http://www.dzs-z.hu/turawp/wp-content/uploads/2013/12/okt-orszagos-kektura-150x150.jpg" class="attachment-thumbnail size-thumbnail wp-post-image" alt="" decoding="async" /></a></span><span class="gpc-c2"><a href="http://www.dzs-z.hu/tura/egyeb/okt/okt-orszagos-kek-tura-teljesiteseink">OKT Országos Kéktúra teljesítéseink</a></span><span class="gpc-c3">2013-12-22 15:54:41</span><span class="gpc-c4">Az Országos Kéktúra teljesítéseink leírása, a kéktúra szakaszok összefoglalója.</span><a href="http://www.dzs-z.hu/tura/egyeb/okt/okt-orszagos-kek-tura-teljesiteseink">Tovább</a></li>
  <li><span class="gpc-c1"><a href="http://www.dzs-z.hu/tura/budai/budaors-szechenyi-hegy-tura-2005-01-08"><img width="150" height="150" src="http://www.dzs-z.hu/turawp/wp-content/uploads/2014/10/budai-budaors-150x150.jpg" class="attachment-thumbnail size-thumbnail wp-post-image" alt="" decoding="async" /></a></span><span class="gpc-c2"><a href="http://www.dzs-z.hu/tura/budai/budaors-szechenyi-hegy-tura-2005-01-08">Budaörs - Széchenyi-hegy túra 2005-01-08</a></span><span class="gpc-c3">2005-01-08 06:55:49</span><span class="gpc-c4">Budaörsről indultunk, hogy arról az oldalról közelítsük meg a Széchenyi-hegyet és a fogaskerekűt.</span><a href="http://www.dzs-z.hu/tura/budai/budaors-szechenyi-hegy-tura-2005-01-08">Tovább</a></li>
</ul></div>
<h3>Budai-hegység területén történt túra</h3>
<p class="tab2">2005-01-08 :: <a title="Budaörs – Széchenyi-hegy túra 2005-01-08" href="http://www.dzs-z.hu/tura/budai/budaors-szechenyi-hegy-tura-2005-01-08">Budaörs túra</a> Budaörsről indultunk, hogy arról az oldalról közelítsük meg a Széchenyi-hegyet és a fogaskerekűt.</p>
<p>2005-01-16 :: <a title="Túra a János-hegyre Budakesziről 2005-01-16" href="http://www.dzs-z.hu/tura/budai/tura-a-janos-hegyre-budakeszirol-2005-01-16">János-hegyi séta</a> Budakeszi volt az induló állomás. Onnan mentünk fel a János-hegyre, majd onnan egy erdei ösvényen keresztül lesétáltunk a városba. Végezetül a Tündér-szikla került sorra.</p>
<p>2005-08-19 :: <a href="/tura/Budai/Budakeszi20050819/index.html">Budakeszi 2005.08.19</a> Budakeszi környékén sétáltunk egyet. Tettünk egy sétát az erdőben, majd meglátogattuk a vadasparkot.</p>
<p>2007-02-04 :: <a href="/tura/Budai/Budakalasz/index.html">Budakalász</a> Budakalászra mentünk ki HÉV-vel, majd onnan indultunk sétára. Pomázra mentünk át.</p>
<div class="inpostadsfull"><div style="margin:10px auto;text-align:center;"><script async src="//pagead2.googlesyndication.com/pagead/js/adsbygoogle.js"></script><!-- Dzs-recept-1 --><ins class="adsbygoogle"     style="display:inline-block;width:728px;height:90px"     data-ad-client="ca-pub-5246420517641697"     data-ad-slot="3352945761"></ins><script>(adsbygoogle = window.adsbygoogle || []).push({});</script></div></div>

<p>∗ Túra » Budai-hegység területén történt túra Budai-hegység területén történt túra 2005-01-08 :: Budaörs túra Budaörsről indultunk, hogy arról az oldalról közelítsük meg a Széchenyi-hegyet és a fogaskerekűt. 2005-01-16 :: János-hegyi séta Budakeszi volt az induló állomás. Onnan mentünk fel a János-hegyre, majd onnan egy erdei ösvényen keresztül lesétáltunk a városba. Végezetül a Tündér-szikla került [&hellip;]</p>
