{"id":204,"date":"2013-12-23T09:36:07","date_gmt":"2013-12-23T09:36:07","guid":{"rendered":"http:\/\/www.dzs-z.hu\/tura\/?page_id=204"},"modified":"2015-05-08T11:54:48","modified_gmt":"2015-05-08T11:54:48","slug":"godolloi","status":"publish","type":"page","link":"http:\/\/www.dzs-z.hu\/tura\/godolloi","title":{"rendered":"G\u00f6d\u00f6ll\u0151i-dombs\u00e1g t\u00far\u00e1ink"},"content":{"rendered":"<div class=\"brcs\">\u2217 <a title=\"T\u00fara le\u00edr\u00e1sok, ismertet\u00fak dzs-z t\u00fara k\u00e9pei\" href=\"\/tura\">T\u00fara<\/a> \u00bb <a title=\"Dzs-z t\u00fara le\u00edr\u00e1sok a A G\u00f6d\u00f6ll\u00f5i-dombs\u00e1g \u00e9s a k\u00f6rny\u00e9k\u00e9n tett t\u00far\u00e1k le\u00edr\u00e1sa. \" href=\"\/tura\/godolloi\">A G\u00f6d\u00f6ll\u0151i-dombs\u00e1g \u00e9s a k\u00f6rny\u00e9k\u00e9n tett t\u00far\u00e1k le\u00edr\u00e1sa.<\/a><\/div>\n<div class=\"brcs\">\n\n<ul class=\"get_posts_class\">\n  <li><span class=\"gpc-c1\"><a href=\"http:\/\/www.dzs-z.hu\/tura\/jelvenyszerzo\/pest-megyei-piros-7-szakasz-2017-marcius-4\"><img width=\"150\" height=\"150\" src=\"http:\/\/www.dzs-z.hu\/turawp\/wp-content\/uploads\/2017\/03\/F\u00e9nyk\u00e9p0751-150x150.jpg\" class=\"attachment-thumbnail size-thumbnail wp-post-image\" alt=\"\" decoding=\"async\" \/><\/a><\/span><span class=\"gpc-c2\"><a href=\"http:\/\/www.dzs-z.hu\/tura\/jelvenyszerzo\/pest-megyei-piros-7-szakasz-2017-marcius-4\">Pest megyei piros 7. szakasz 2017. m\u00e1rcius 4.<\/a><\/span><span class=\"gpc-c3\">2017-03-05 10:27:48<\/span><span class=\"gpc-c4\">Pest Megye Turist\u00e1ja jelv\u00e9nyszerz\u0151 t\u00fara Gy\u00f6mr\u0151 \u00e9s P\u00e9teri k\u00f6z\u00f6tti szakasza.<\/span><a href=\"http:\/\/www.dzs-z.hu\/tura\/jelvenyszerzo\/pest-megyei-piros-7-szakasz-2017-marcius-4\">Tov\u00e1bb<\/a><\/li>\n  <li><span class=\"gpc-c1\"><a href=\"http:\/\/www.dzs-z.hu\/tura\/jelvenyszerzo\/pest-megyei-piros-2-szakasz-2015-marcius-28\"><img width=\"150\" height=\"150\" src=\"http:\/\/www.dzs-z.hu\/turawp\/wp-content\/uploads\/2015\/03\/pmp-2.szakasz-kosd-150x150.jpg\" class=\"attachment-thumbnail size-thumbnail wp-post-image\" alt=\"\" decoding=\"async\" \/><\/a><\/span><span class=\"gpc-c2\"><a href=\"http:\/\/www.dzs-z.hu\/tura\/jelvenyszerzo\/pest-megyei-piros-2-szakasz-2015-marcius-28\">Pest megyei piros 2. szakasz 2015. m\u00e1rcius 28.<\/a><\/span><span class=\"gpc-c3\">2015-03-28 22:10:50<\/span><span class=\"gpc-c4\">A Pest megyei Piros t\u00fara m\u00e1sodik szakasza Kosdr\u00f3l R\u00e1don kereszt\u00fcl V\u00e1cduk\u00e1ig tart\u00f3 Pest megyei piros szakasz.<\/span><a href=\"http:\/\/www.dzs-z.hu\/tura\/jelvenyszerzo\/pest-megyei-piros-2-szakasz-2015-marcius-28\">Tov\u00e1bb<\/a><\/li>\n  <li><span class=\"gpc-c1\"><a href=\"http:\/\/www.dzs-z.hu\/tura\/godolloi\/v-maszat-teljesitmenytura-2015\"><img width=\"150\" height=\"150\" src=\"http:\/\/www.dzs-z.hu\/turawp\/wp-content\/uploads\/2015\/03\/maszat-logo-150x150.jpg\" class=\"attachment-thumbnail size-thumbnail wp-post-image\" alt=\"\" decoding=\"async\" \/><\/a><\/span><span class=\"gpc-c2\"><a href=\"http:\/\/www.dzs-z.hu\/tura\/godolloi\/v-maszat-teljesitmenytura-2015\">V. MASZAT teljes\u00edtm\u00e9nyt\u00fara 2015<\/a><\/span><span class=\"gpc-c3\">2015-03-03 14:16:54<\/span><span class=\"gpc-c4\"><\/span><a href=\"http:\/\/www.dzs-z.hu\/tura\/godolloi\/v-maszat-teljesitmenytura-2015\">Tov\u00e1bb<\/a><\/li>\n  <li><span class=\"gpc-c1\"><a href=\"http:\/\/www.dzs-z.hu\/tura\/jelvenyszerzo\/pest-megyei-piros-4-szakasz-2015-januar-11\"><img width=\"150\" height=\"150\" src=\"http:\/\/www.dzs-z.hu\/turawp\/wp-content\/uploads\/2015\/01\/pmp-4.szakasz-godollo-150x150.jpg\" class=\"attachment-thumbnail size-thumbnail wp-post-image\" alt=\"\" decoding=\"async\" \/><\/a><\/span><span class=\"gpc-c2\"><a href=\"http:\/\/www.dzs-z.hu\/tura\/jelvenyszerzo\/pest-megyei-piros-4-szakasz-2015-januar-11\">Pest megyei piros 4. szakasz 2015. janu\u00e1r 11.<\/a><\/span><span class=\"gpc-c3\">2015-01-11 21:46:59<\/span><span class=\"gpc-c4\">Pest megye turist\u00e1ja 4. szakasza. Erd\u0151kertes \u00e9s G\u00f6d\u00f6ll\u0151 k\u00f6z\u00f6tti kb. 18km-es szakasz ismertet\u00e9se.<\/span><a href=\"http:\/\/www.dzs-z.hu\/tura\/jelvenyszerzo\/pest-megyei-piros-4-szakasz-2015-januar-11\">Tov\u00e1bb<\/a><\/li>\n  <li><span class=\"gpc-c1\"><a href=\"http:\/\/www.dzs-z.hu\/tura\/godolloi\/godolloi-dombsag-csucsai-tura-margita-es-magyalos-teto\"><img width=\"150\" height=\"150\" src=\"http:\/\/www.dzs-z.hu\/turawp\/wp-content\/uploads\/2014\/12\/godollo-jsz-godolloi-csucsok-150x150.jpg\" class=\"attachment-thumbnail size-thumbnail wp-post-image\" alt=\"\" decoding=\"async\" \/><\/a><\/span><span class=\"gpc-c2\"><a href=\"http:\/\/www.dzs-z.hu\/tura\/godolloi\/godolloi-dombsag-csucsai-tura-margita-es-magyalos-teto\">G\u00f6d\u00f6ll\u0151i-dombs\u00e1g cs\u00facsai t\u00fara Margita \u00e9s Magyalos-tet\u0151<\/a><\/span><span class=\"gpc-c3\">2014-12-29 22:57:10<\/span><span class=\"gpc-c4\">A G\u00f6d\u00f6ll\u0151i-dombs\u00e1g 300-as cs\u00facsai k\u00f6z\u00fcl, most a Margit\u00e1t \u00e9s a Magyalos-tet\u0151t n\u00e9zt\u00fck meg.<\/span><a href=\"http:\/\/www.dzs-z.hu\/tura\/godolloi\/godolloi-dombsag-csucsai-tura-margita-es-magyalos-teto\">Tov\u00e1bb<\/a><\/li>\n<\/ul><\/div>\n<h3>A G\u00f6d\u00f6ll\u0151i-dombs\u00e1g \u00e9s a k\u00f6rny\u00e9k\u00e9n tett t\u00far\u00e1k le\u00edr\u00e1sa.<\/h3>\n<ul>\n<li class=\"tab2\">2014-12-29 : <a title=\"G\u00f6d\u00f6ll\u0151i-dombs\u00e1g cs\u00facsai t\u00fara Margita \u00e9s Magyalos-tet\u0151\" href=\"http:\/\/www.dzs-z.hu\/tura\/godolloi\/godolloi-dombsag-csucsai-tura-margita-es-magyalos-teto\">G\u00f6d\u00f6ll\u0151i-dombs\u00e1g cs\u00facsai<\/a> jelv\u00e9nyszerz\u0151 t\u00fara (Margita, Magyalos-tet\u0151)<\/li>\n<li class=\"tab2\">2014-12-14 : <a title=\"G\u00f6d\u00f6ll\u0151i K\u00e9k-t\u00fara 2014. december 14\" href=\"http:\/\/www.dzs-z.hu\/tura\/godolloi\/godolloi-kek-tura-2014-december-14\">G\u00f6d\u00f6ll\u0151i K\u00e9k-t\u00fara<\/a> teljes\u00edt\u00e9se G\u00f6d\u00f6ll\u0151-Bag 20km. A G\u00f6d\u00f6ll\u0151i-dombs\u00e1g K\u00e9k-t\u00far\u00e1ja.<\/li>\n<li class=\"tab2\">2014-11-16 : <a title=\"Pest megyei piros 2-3. szakasz 2014. november 16\" href=\"http:\/\/www.dzs-z.hu\/tura\/jelvenyszerzo\/pest-megyei-piros-2-3-szakasz-2014-november-16\">Pest megye turist\u00e1ja, 2.-3. szakasz<\/a> egy-egy r\u00e9sze<\/li>\n<li class=\"tab2\">2014-11-01 : <a title=\"G\u00f6d\u00f6ll\u0151i 300-as t\u00fara Boncsok-hegy \u00e9s \u00d6reg-hegy I.\" href=\"http:\/\/www.dzs-z.hu\/tura\/godolloi\/godolloi-300-as-tura-boncsok-hegy-es-oreg-hegy-i\">G\u00f6d\u00f6ll\u0151i-dombs\u00e1g 300-as cs\u00facsai<\/a> t\u00fara cs\u00facsok l\u00e1togat\u00e1sa.<\/li>\n<li class=\"tab2\">2014-10-26 : <a title=\"Pest megyei piros 5. szakasz 2014. okt\u00f3ber 26\" href=\"http:\/\/www.dzs-z.hu\/tura\/jelvenyszerzo\/pest-megyei-piros-5-szakasz-2014-oktober-26\">Pest megyei piros 5. szakasz<\/a> G\u00f6d\u00f6ll\u0151-Isaszeg<\/li>\n<li class=\"tab2\">2014-10-04 : Margita G\u00f6d\u00f6ll\u0151 Vil\u00e1g gyalogl\u00f3napi <a title=\"Margita G\u00f6d\u00f6ll\u0151 Vil\u00e1g gyalogl\u00f3napi gyalogos teljes\u00edtm\u00e9nyt\u00fara 2014\" href=\"http:\/\/www.dzs-z.hu\/tura\/godolloi\/margita-godollo-vilag-gyaloglonapi-gyalogos-teljesitmenytura-2014\">gyalogos teljes\u00edtm\u00e9nyt\u00fara 2014<\/a> &#8211;<\/li>\n<\/ul>\n<p class=\"tab2\">\n<div class=\"inpostadsfull\"><div style=\"margin:10px auto;text-align:center;\"><script async src=\"\/\/pagead2.googlesyndication.com\/pagead\/js\/adsbygoogle.js\"><\/script><!-- Dzs-recept-1 --><ins class=\"adsbygoogle\"     style=\"display:inline-block;width:728px;height:90px\"     data-ad-client=\"ca-pub-5246420517641697\"     data-ad-slot=\"3352945761\"><\/ins><script>(adsbygoogle = window.adsbygoogle || []).push({});<\/script><\/div><\/div>","protected":false},"excerpt":{"rendered":"<p>\u2217 T\u00fara \u00bb A G\u00f6d\u00f6ll\u0151i-dombs\u00e1g \u00e9s a k\u00f6rny\u00e9k\u00e9n tett t\u00far\u00e1k le\u00edr\u00e1sa. A G\u00f6d\u00f6ll\u0151i-dombs\u00e1g \u00e9s a k\u00f6rny\u00e9k\u00e9n tett t\u00far\u00e1k le\u00edr\u00e1sa. 2014-12-29 : G\u00f6d\u00f6ll\u0151i-dombs\u00e1g cs\u00facsai jelv\u00e9nyszerz\u0151 t\u00fara (Margita, Magyalos-tet\u0151) 2014-12-14 : G\u00f6d\u00f6ll\u0151i K\u00e9k-t\u00fara teljes\u00edt\u00e9se G\u00f6d\u00f6ll\u0151-Bag 20km. A G\u00f6d\u00f6ll\u0151i-dombs\u00e1g K\u00e9k-t\u00far\u00e1ja. 2014-11-16 : Pest megye turist\u00e1ja, 2.-3. szakasz egy-egy r\u00e9sze 2014-11-01 : G\u00f6d\u00f6ll\u0151i-dombs\u00e1g 300-as cs\u00facsai t\u00fara cs\u00facsok l\u00e1togat\u00e1sa. 2014-10-26 [&hellip;]<\/p>\n","protected":false},"author":1,"featured_media":0,"parent":0,"menu_order":0,"comment_status":"closed","ping_status":"closed","template":"page-hegyseg.php","meta":{"footnotes":""},"_links":{"self":[{"href":"http:\/\/www.dzs-z.hu\/tura\/wp-json\/wp\/v2\/pages\/204"}],"collection":[{"href":"http:\/\/www.dzs-z.hu\/tura\/wp-json\/wp\/v2\/pages"}],"about":[{"href":"http:\/\/www.dzs-z.hu\/tura\/wp-json\/wp\/v2\/types\/page"}],"author":[{"embeddable":true,"href":"http:\/\/www.dzs-z.hu\/tura\/wp-json\/wp\/v2\/users\/1"}],"replies":[{"embeddable":true,"href":"http:\/\/www.dzs-z.hu\/tura\/wp-json\/wp\/v2\/comments?post=204"}],"version-history":[{"count":13,"href":"http:\/\/www.dzs-z.hu\/tura\/wp-json\/wp\/v2\/pages\/204\/revisions"}],"predecessor-version":[{"id":546,"href":"http:\/\/www.dzs-z.hu\/tura\/wp-json\/wp\/v2\/pages\/204\/revisions\/546"}],"wp:attachment":[{"href":"http:\/\/www.dzs-z.hu\/tura\/wp-json\/wp\/v2\/media?parent=204"}],"curies":[{"name":"wp","href":"https:\/\/api.w.org\/{rel}","templated":true}]}}

Gödöllői-dombság túráink

<div class="brcs">∗ <a title="Túra leírások, ismertetúk dzs-z túra képei" href="/tura">Túra</a> » <a title="Dzs-z túra leírások a A Gödöllõi-dombság és a környékén tett túrák leírása. " href="/tura/godolloi">A Gödöllői-dombság és a környékén tett túrák leírása.</a></div>
<div class="brcs">

<ul class="get_posts_class">
  <li><span class="gpc-c1"><a href="http://www.dzs-z.hu/tura/jelvenyszerzo/pest-megyei-piros-7-szakasz-2017-marcius-4"><img width="150" height="150" src="http://www.dzs-z.hu/turawp/wp-content/uploads/2017/03/Fénykép0751-150x150.jpg" class="attachment-thumbnail size-thumbnail wp-post-image" alt="" decoding="async" /></a></span><span class="gpc-c2"><a href="http://www.dzs-z.hu/tura/jelvenyszerzo/pest-megyei-piros-7-szakasz-2017-marcius-4">Pest megyei piros 7. szakasz 2017. március 4.</a></span><span class="gpc-c3">2017-03-05 10:27:48</span><span class="gpc-c4">Pest Megye Turistája jelvényszerző túra Gyömrő és Péteri közötti szakasza.</span><a href="http://www.dzs-z.hu/tura/jelvenyszerzo/pest-megyei-piros-7-szakasz-2017-marcius-4">Tovább</a></li>
  <li><span class="gpc-c1"><a href="http://www.dzs-z.hu/tura/jelvenyszerzo/pest-megyei-piros-2-szakasz-2015-marcius-28"><img width="150" height="150" src="http://www.dzs-z.hu/turawp/wp-content/uploads/2015/03/pmp-2.szakasz-kosd-150x150.jpg" class="attachment-thumbnail size-thumbnail wp-post-image" alt="" decoding="async" /></a></span><span class="gpc-c2"><a href="http://www.dzs-z.hu/tura/jelvenyszerzo/pest-megyei-piros-2-szakasz-2015-marcius-28">Pest megyei piros 2. szakasz 2015. március 28.</a></span><span class="gpc-c3">2015-03-28 22:10:50</span><span class="gpc-c4">A Pest megyei Piros túra második szakasza Kosdról Rádon keresztül Vácdukáig tartó Pest megyei piros szakasz.</span><a href="http://www.dzs-z.hu/tura/jelvenyszerzo/pest-megyei-piros-2-szakasz-2015-marcius-28">Tovább</a></li>
  <li><span class="gpc-c1"><a href="http://www.dzs-z.hu/tura/godolloi/v-maszat-teljesitmenytura-2015"><img width="150" height="150" src="http://www.dzs-z.hu/turawp/wp-content/uploads/2015/03/maszat-logo-150x150.jpg" class="attachment-thumbnail size-thumbnail wp-post-image" alt="" decoding="async" /></a></span><span class="gpc-c2"><a href="http://www.dzs-z.hu/tura/godolloi/v-maszat-teljesitmenytura-2015">V. MASZAT teljesítménytúra 2015</a></span><span class="gpc-c3">2015-03-03 14:16:54</span><span class="gpc-c4"></span><a href="http://www.dzs-z.hu/tura/godolloi/v-maszat-teljesitmenytura-2015">Tovább</a></li>
  <li><span class="gpc-c1"><a href="http://www.dzs-z.hu/tura/jelvenyszerzo/pest-megyei-piros-4-szakasz-2015-januar-11"><img width="150" height="150" src="http://www.dzs-z.hu/turawp/wp-content/uploads/2015/01/pmp-4.szakasz-godollo-150x150.jpg" class="attachment-thumbnail size-thumbnail wp-post-image" alt="" decoding="async" /></a></span><span class="gpc-c2"><a href="http://www.dzs-z.hu/tura/jelvenyszerzo/pest-megyei-piros-4-szakasz-2015-januar-11">Pest megyei piros 4. szakasz 2015. január 11.</a></span><span class="gpc-c3">2015-01-11 21:46:59</span><span class="gpc-c4">Pest megye turistája 4. szakasza. Erdőkertes és Gödöllő közötti kb. 18km-es szakasz ismertetése.</span><a href="http://www.dzs-z.hu/tura/jelvenyszerzo/pest-megyei-piros-4-szakasz-2015-januar-11">Tovább</a></li>
  <li><span class="gpc-c1"><a href="http://www.dzs-z.hu/tura/godolloi/godolloi-dombsag-csucsai-tura-margita-es-magyalos-teto"><img width="150" height="150" src="http://www.dzs-z.hu/turawp/wp-content/uploads/2014/12/godollo-jsz-godolloi-csucsok-150x150.jpg" class="attachment-thumbnail size-thumbnail wp-post-image" alt="" decoding="async" /></a></span><span class="gpc-c2"><a href="http://www.dzs-z.hu/tura/godolloi/godolloi-dombsag-csucsai-tura-margita-es-magyalos-teto">Gödöllői-dombság csúcsai túra Margita és Magyalos-tető</a></span><span class="gpc-c3">2014-12-29 22:57:10</span><span class="gpc-c4">A Gödöllői-dombság 300-as csúcsai közül, most a Margitát és a Magyalos-tetőt néztük meg.</span><a href="http://www.dzs-z.hu/tura/godolloi/godolloi-dombsag-csucsai-tura-margita-es-magyalos-teto">Tovább</a></li>
</ul></div>
<h3>A Gödöllői-dombság és a környékén tett túrák leírása.</h3>
<ul>
<li class="tab2">2014-12-29 : <a title="Gödöllői-dombság csúcsai túra Margita és Magyalos-tető" href="http://www.dzs-z.hu/tura/godolloi/godolloi-dombsag-csucsai-tura-margita-es-magyalos-teto">Gödöllői-dombság csúcsai</a> jelvényszerző túra (Margita, Magyalos-tető)</li>
<li class="tab2">2014-12-14 : <a title="Gödöllői Kék-túra 2014. december 14" href="http://www.dzs-z.hu/tura/godolloi/godolloi-kek-tura-2014-december-14">Gödöllői Kék-túra</a> teljesítése Gödöllő-Bag 20km. A Gödöllői-dombság Kék-túrája.</li>
<li class="tab2">2014-11-16 : <a title="Pest megyei piros 2-3. szakasz 2014. november 16" href="http://www.dzs-z.hu/tura/jelvenyszerzo/pest-megyei-piros-2-3-szakasz-2014-november-16">Pest megye turistája, 2.-3. szakasz</a> egy-egy része</li>
<li class="tab2">2014-11-01 : <a title="Gödöllői 300-as túra Boncsok-hegy és Öreg-hegy I." href="http://www.dzs-z.hu/tura/godolloi/godolloi-300-as-tura-boncsok-hegy-es-oreg-hegy-i">Gödöllői-dombság 300-as csúcsai</a> túra csúcsok látogatása.</li>
<li class="tab2">2014-10-26 : <a title="Pest megyei piros 5. szakasz 2014. október 26" href="http://www.dzs-z.hu/tura/jelvenyszerzo/pest-megyei-piros-5-szakasz-2014-oktober-26">Pest megyei piros 5. szakasz</a> Gödöllő-Isaszeg</li>
<li class="tab2">2014-10-04 : Margita Gödöllő Világ gyaloglónapi <a title="Margita Gödöllő Világ gyaloglónapi gyalogos teljesítménytúra 2014" href="http://www.dzs-z.hu/tura/godolloi/margita-godollo-vilag-gyaloglonapi-gyalogos-teljesitmenytura-2014">gyalogos teljesítménytúra 2014</a> &#8211;</li>
</ul>
<p class="tab2">
<div class="inpostadsfull"><div style="margin:10px auto;text-align:center;"><script async src="//pagead2.googlesyndication.com/pagead/js/adsbygoogle.js"></script><!-- Dzs-recept-1 --><ins class="adsbygoogle"     style="display:inline-block;width:728px;height:90px"     data-ad-client="ca-pub-5246420517641697"     data-ad-slot="3352945761"></ins><script>(adsbygoogle = window.adsbygoogle || []).push({});</script></div></div>

<p>∗ Túra » A Gödöllői-dombság és a környékén tett túrák leírása. A Gödöllői-dombság és a környékén tett túrák leírása. 2014-12-29 : Gödöllői-dombság csúcsai jelvényszerző túra (Margita, Magyalos-tető) 2014-12-14 : Gödöllői Kék-túra teljesítése Gödöllő-Bag 20km. A Gödöllői-dombság Kék-túrája. 2014-11-16 : Pest megye turistája, 2.-3. szakasz egy-egy része 2014-11-01 : Gödöllői-dombság 300-as csúcsai túra csúcsok látogatása. 2014-10-26 [&hellip;]</p>
