{"id":218,"date":"2013-12-23T09:53:17","date_gmt":"2013-12-23T09:53:17","guid":{"rendered":"http:\/\/www.dzs-z.hu\/tura\/?page_id=218"},"modified":"2013-12-23T09:53:48","modified_gmt":"2013-12-23T09:53:48","slug":"mecsek","status":"publish","type":"page","link":"http:\/\/www.dzs-z.hu\/tura\/mecsek","title":{"rendered":"Mecsek turista \u00fatvonalak"},"content":{"rendered":"<div class=\"brcs\">\u2217 <span itemscope=\"\" itemtype=\"http:\/\/data-vocabulary.org\/Breadcrumb\"><a itemprop=\"url\" title=\"T\u00fara le\u00edr\u00e1sok, ismertet\u00fak dzs-z t\u00fara k\u00e9pei\" href=\"\/tura\"><span itemprop=\"title\">T\u00fara<\/span><\/a><\/span> \u00bb <a title=\"Mecsek turista \u00fatvonalak\" href=\"http:\/\/www.dzs-z.hu\/tura\/mecsek\"><span itemscope=\"\" itemtype=\"http:\/\/data-vocabulary.org\/Breadcrumb\"><span itemprop=\"title\">A Mecsek turista \u00e9lm\u00e9nyek, le\u00edr\u00e1sok.<\/span><\/span><\/a><\/div>\n<h4>A Mecsek turista \u00e9lm\u00e9nyek, le\u00edr\u00e1sok.<\/h4>\n<p>Jelenleg nincs a Mecseket \u00e9rint\u0151 t\u00fara le\u00edr\u00e1s az oldalon.<\/p>\n<p class=\"tab2\">\n<div class=\"inpostadsfull\"><div style=\"margin:10px auto;text-align:center;\"><script async src=\"\/\/pagead2.googlesyndication.com\/pagead\/js\/adsbygoogle.js\"><\/script><!-- Dzs-recept-1 --><ins class=\"adsbygoogle\"     style=\"display:inline-block;width:728px;height:90px\"     data-ad-client=\"ca-pub-5246420517641697\"     data-ad-slot=\"3352945761\"><\/ins><script>(adsbygoogle = window.adsbygoogle || []).push({});<\/script><\/div><\/div>","protected":false},"excerpt":{"rendered":"<p>\u2217 T\u00fara \u00bb A Mecsek turista \u00e9lm\u00e9nyek, le\u00edr\u00e1sok. A Mecsek turista \u00e9lm\u00e9nyek, le\u00edr\u00e1sok. Jelenleg nincs a Mecseket \u00e9rint\u0151 t\u00fara le\u00edr\u00e1s az oldalon.<\/p>\n","protected":false},"author":1,"featured_media":0,"parent":0,"menu_order":0,"comment_status":"closed","ping_status":"closed","template":"page-hegyseg.php","meta":{"footnotes":""},"_links":{"self":[{"href":"http:\/\/www.dzs-z.hu\/tura\/wp-json\/wp\/v2\/pages\/218"}],"collection":[{"href":"http:\/\/www.dzs-z.hu\/tura\/wp-json\/wp\/v2\/pages"}],"about":[{"href":"http:\/\/www.dzs-z.hu\/tura\/wp-json\/wp\/v2\/types\/page"}],"author":[{"embeddable":true,"href":"http:\/\/www.dzs-z.hu\/tura\/wp-json\/wp\/v2\/users\/1"}],"replies":[{"embeddable":true,"href":"http:\/\/www.dzs-z.hu\/tura\/wp-json\/wp\/v2\/comments?post=218"}],"version-history":[{"count":3,"href":"http:\/\/www.dzs-z.hu\/tura\/wp-json\/wp\/v2\/pages\/218\/revisions"}],"predecessor-version":[{"id":221,"href":"http:\/\/www.dzs-z.hu\/tura\/wp-json\/wp\/v2\/pages\/218\/revisions\/221"}],"wp:attachment":[{"href":"http:\/\/www.dzs-z.hu\/tura\/wp-json\/wp\/v2\/media?parent=218"}],"curies":[{"name":"wp","href":"https:\/\/api.w.org\/{rel}","templated":true}]}}