{"id":222,"date":"2013-12-23T09:55:02","date_gmt":"2013-12-23T09:55:02","guid":{"rendered":"http:\/\/www.dzs-z.hu\/tura\/?page_id=222"},"modified":"2017-03-31T14:10:37","modified_gmt":"2017-03-31T14:10:37","slug":"matra","status":"publish","type":"page","link":"http:\/\/www.dzs-z.hu\/tura\/matra","title":{"rendered":"M\u00e1tra"},"content":{"rendered":"<div class=\"brcs\">\u2217 <a title=\"T\u00fara le\u00edr\u00e1sok, ismertet\u00fak dzs-z t\u00fara k\u00e9pei\" href=\"\/tura\">T\u00fara<\/a> \u00bb <a title=\"Dzs-z t\u00fara le\u00edr\u00e1sok a A M\u00e1tr\u00e1ban v\u00e9gigj\u00e1rt t\u00far\u00e1ink, \u00e9lm\u00e9nyeink le\u00edr\u00e1sa. \" href=\"\/tura\/matra\">A M\u00e1tr\u00e1ban v\u00e9gigj\u00e1rt t\u00far\u00e1ink, \u00e9lm\u00e9nyeink le\u00edr\u00e1sa.<\/a><\/div>\n<h3>T\u00fara le\u00edr\u00e1sok, turista inform\u00e1ci\u00f3, \u00e9lm\u00e9ny, ismertet\u0151<\/h3>\n\n\n<ul class=\"get_posts_class\">\n  <li><span class=\"gpc-c1\"><a href=\"http:\/\/www.dzs-z.hu\/tura\/egyeb\/okt\/okt-matra-matraszentistvan-matraverebely-az-okt-20-szakasz-teljesitese\"><img width=\"150\" height=\"150\" src=\"http:\/\/www.dzs-z.hu\/turawp\/wp-content\/uploads\/2021\/04\/okt-20-matraszentistvan-matraverebely-150x150.jpg\" class=\"attachment-thumbnail size-thumbnail wp-post-image\" alt=\"\" decoding=\"async\" srcset=\"http:\/\/www.dzs-z.hu\/turawp\/wp-content\/uploads\/2021\/04\/okt-20-matraszentistvan-matraverebely-150x150.jpg 150w, http:\/\/www.dzs-z.hu\/turawp\/wp-content\/uploads\/2021\/04\/okt-20-matraszentistvan-matraverebely-65x65.jpg 65w\" sizes=\"(max-width: 150px) 100vw, 150px\" \/><\/a><\/span><span class=\"gpc-c2\"><a href=\"http:\/\/www.dzs-z.hu\/tura\/egyeb\/okt\/okt-matra-matraszentistvan-matraverebely-az-okt-20-szakasz-teljesitese\">OKT M\u00c1TRA, M\u00c1TRASZENTISTV\u00c1N - M\u00c1TRAVEREB\u00c9LY , az OKT 20. szakasz teljes\u00edt\u00e9se<\/a><\/span><span class=\"gpc-c3\">2021-04-04 16:01:09<\/span><span class=\"gpc-c4\">Orsz\u00e1gos k\u00e9kt\u00fara 20. szakasz\u00e1nak els\u0151 13km-es r\u00e9szszakasza. M\u00e1traszentistv\u00e1nr\u00f3l az \u00c1gasv\u00e1r turistah\u00e1z \u00e9rint\u00e9s\u00e9vel M\u00e1travereb\u00e9lyig tart a t\u00fara.<\/span><a href=\"http:\/\/www.dzs-z.hu\/tura\/egyeb\/okt\/okt-matra-matraszentistvan-matraverebely-az-okt-20-szakasz-teljesitese\">Tov\u00e1bb<\/a><\/li>\n  <li><span class=\"gpc-c1\"><a href=\"http:\/\/www.dzs-z.hu\/tura\/egyeb\/okt\/matrahaza-galyateto-matraszentistvan-okt-20-szakasz\"><img width=\"150\" height=\"150\" src=\"http:\/\/www.dzs-z.hu\/turawp\/wp-content\/uploads\/2017\/05\/okt-matrahaza-150x150.jpg\" class=\"attachment-thumbnail size-thumbnail wp-post-image\" alt=\"\" decoding=\"async\" \/><\/a><\/span><span class=\"gpc-c2\"><a href=\"http:\/\/www.dzs-z.hu\/tura\/egyeb\/okt\/matrahaza-galyateto-matraszentistvan-okt-20-szakasz\">M\u00e1trah\u00e1za - Galyatet\u0151 - M\u00e1traszentistv\u00e1n - OKT 20. szakasz<\/a><\/span><span class=\"gpc-c3\">2017-05-27 18:09:36<\/span><span class=\"gpc-c4\"><\/span><a href=\"http:\/\/www.dzs-z.hu\/tura\/egyeb\/okt\/matrahaza-galyateto-matraszentistvan-okt-20-szakasz\">Tov\u00e1bb<\/a><\/li>\n  <li><span class=\"gpc-c1\"><a href=\"http:\/\/www.dzs-z.hu\/tura\/egyeb\/okt\/matrahaza-sirok-orszagos-kektura-2016-10-16\"><img width=\"150\" height=\"150\" src=\"http:\/\/www.dzs-z.hu\/turawp\/wp-content\/uploads\/2017\/03\/F\u00e9nyk\u00e9p0724-150x150.jpg\" class=\"attachment-thumbnail size-thumbnail wp-post-image\" alt=\"\" decoding=\"async\" \/><\/a><\/span><span class=\"gpc-c2\"><a href=\"http:\/\/www.dzs-z.hu\/tura\/egyeb\/okt\/matrahaza-sirok-orszagos-kektura-2016-10-16\">M\u00e1trah\u00e1za - Sirok Orsz\u00e1gos K\u00e9kt\u00fara 2016-10-16<\/a><\/span><span class=\"gpc-c3\">2016-10-17 11:55:17<\/span><span class=\"gpc-c4\">Orsz\u00e1gos K\u00e9kt\u00fara 21. szakasz : M\u00e1trah\u00e1za \u00e9s Sirok k\u00f6z\u00f6tti t\u00fara a M\u00e1tr\u00e1ban.<\/span><a href=\"http:\/\/www.dzs-z.hu\/tura\/egyeb\/okt\/matrahaza-sirok-orszagos-kektura-2016-10-16\">Tov\u00e1bb<\/a><\/li>\n  <li><span class=\"gpc-c1\"><a href=\"http:\/\/www.dzs-z.hu\/tura\/matra\/szent-istvan-forras-ilona-vizeses\"><img width=\"150\" height=\"150\" src=\"http:\/\/www.dzs-z.hu\/turawp\/wp-content\/uploads\/2016\/07\/matra-ilona-vizeses-150x150.jpg\" class=\"attachment-thumbnail size-thumbnail wp-post-image\" alt=\"\" decoding=\"async\" \/><\/a><\/span><span class=\"gpc-c2\"><a href=\"http:\/\/www.dzs-z.hu\/tura\/matra\/szent-istvan-forras-ilona-vizeses\">Szent-Istv\u00e1n forr\u00e1s - Ilona-v\u00edzes\u00e9s<\/a><\/span><span class=\"gpc-c3\">2016-07-03 21:33:11<\/span><span class=\"gpc-c4\">A Par\u00e1d (Par\u00e1df\u00fcrd\u0151) k\u00f6zel\u00e9ben tal\u00e1lhat\u00f3 Szent-Istv\u00e1n-forr\u00e1s, vagy ismertebb nev\u00e9n Csevice-k\u00fat mell\u0151l indult r\u00f6vid t\u00far\u00e1nk.<\/span><a href=\"http:\/\/www.dzs-z.hu\/tura\/matra\/szent-istvan-forras-ilona-vizeses\">Tov\u00e1bb<\/a><\/li>\n  <li><span class=\"gpc-c1\"><a href=\"http:\/\/www.dzs-z.hu\/tura\/egyeb\/okt\/okt-orszagos-kek-tura-teljesiteseink\"><img width=\"150\" height=\"150\" src=\"http:\/\/www.dzs-z.hu\/turawp\/wp-content\/uploads\/2013\/12\/okt-orszagos-kektura-150x150.jpg\" class=\"attachment-thumbnail size-thumbnail wp-post-image\" alt=\"\" decoding=\"async\" \/><\/a><\/span><span class=\"gpc-c2\"><a href=\"http:\/\/www.dzs-z.hu\/tura\/egyeb\/okt\/okt-orszagos-kek-tura-teljesiteseink\">OKT Orsz\u00e1gos K\u00e9kt\u00fara teljes\u00edt\u00e9seink<\/a><\/span><span class=\"gpc-c3\">2013-12-22 15:54:41<\/span><span class=\"gpc-c4\">Az Orsz\u00e1gos K\u00e9kt\u00fara teljes\u00edt\u00e9seink le\u00edr\u00e1sa, a k\u00e9kt\u00fara szakaszok \u00f6sszefoglal\u00f3ja.<\/span><a href=\"http:\/\/www.dzs-z.hu\/tura\/egyeb\/okt\/okt-orszagos-kek-tura-teljesiteseink\">Tov\u00e1bb<\/a><\/li>\n<\/ul>\n<h4>A M\u00e1tr\u00e1ban v\u00e9gigj\u00e1rt t\u00far\u00e1ink, \u00e9lm\u00e9nyeink le\u00edr\u00e1sa.<\/h4>\n<p class=\"tab2\">2008-10-10 :: <a href=\"\/tura\/Matra\/Rakoczi_tura_Matra_1\/index.html\">R\u00e1k\u00f3czi-t\u00fara els\u0151 felvon\u00e1s<\/a> Par\u00e1df\u00fcrd\u0151n pihent\u00fcnk, \u00e9s egy napot t\u00far\u00e1z\u00e1sra sz\u00e1ntunk.<br \/>\nInnen indultunk a R\u00e1k\u00f3czi-f\u00e1t\u00f3l, felment\u00fcnk a K\u00e9kes-tet\u0151re, majd M\u00e1trah\u00e1z\u00e1r\u00f3l indultunk haza.<\/p>\n<div class=\"inpostadsfull\"><div style=\"margin:10px auto;text-align:center;\"><script async src=\"\/\/pagead2.googlesyndication.com\/pagead\/js\/adsbygoogle.js\"><\/script><!-- Dzs-recept-1 --><ins class=\"adsbygoogle\"     style=\"display:inline-block;width:728px;height:90px\"     data-ad-client=\"ca-pub-5246420517641697\"     data-ad-slot=\"3352945761\"><\/ins><script>(adsbygoogle = window.adsbygoogle || []).push({});<\/script><\/div><\/div>","protected":false},"excerpt":{"rendered":"<p>\u2217 T\u00fara \u00bb A M\u00e1tr\u00e1ban v\u00e9gigj\u00e1rt t\u00far\u00e1ink, \u00e9lm\u00e9nyeink le\u00edr\u00e1sa. T\u00fara le\u00edr\u00e1sok, turista inform\u00e1ci\u00f3, \u00e9lm\u00e9ny, ismertet\u0151 A M\u00e1tr\u00e1ban v\u00e9gigj\u00e1rt t\u00far\u00e1ink, \u00e9lm\u00e9nyeink le\u00edr\u00e1sa. 2008-10-10 :: R\u00e1k\u00f3czi-t\u00fara els\u0151 felvon\u00e1s Par\u00e1df\u00fcrd\u0151n pihent\u00fcnk, \u00e9s egy napot t\u00far\u00e1z\u00e1sra sz\u00e1ntunk. Innen indultunk a R\u00e1k\u00f3czi-f\u00e1t\u00f3l, felment\u00fcnk a K\u00e9kes-tet\u0151re, majd M\u00e1trah\u00e1z\u00e1r\u00f3l indultunk haza.<\/p>\n","protected":false},"author":1,"featured_media":0,"parent":0,"menu_order":0,"comment_status":"closed","ping_status":"closed","template":"page-hegyseg.php","meta":{"footnotes":""},"_links":{"self":[{"href":"http:\/\/www.dzs-z.hu\/tura\/wp-json\/wp\/v2\/pages\/222"}],"collection":[{"href":"http:\/\/www.dzs-z.hu\/tura\/wp-json\/wp\/v2\/pages"}],"about":[{"href":"http:\/\/www.dzs-z.hu\/tura\/wp-json\/wp\/v2\/types\/page"}],"author":[{"embeddable":true,"href":"http:\/\/www.dzs-z.hu\/tura\/wp-json\/wp\/v2\/users\/1"}],"replies":[{"embeddable":true,"href":"http:\/\/www.dzs-z.hu\/tura\/wp-json\/wp\/v2\/comments?post=222"}],"version-history":[{"count":2,"href":"http:\/\/www.dzs-z.hu\/tura\/wp-json\/wp\/v2\/pages\/222\/revisions"}],"predecessor-version":[{"id":613,"href":"http:\/\/www.dzs-z.hu\/tura\/wp-json\/wp\/v2\/pages\/222\/revisions\/613"}],"wp:attachment":[{"href":"http:\/\/www.dzs-z.hu\/tura\/wp-json\/wp\/v2\/media?parent=222"}],"curies":[{"name":"wp","href":"https:\/\/api.w.org\/{rel}","templated":true}]}}