{"id":228,"date":"2013-12-23T10:08:55","date_gmt":"2013-12-23T10:08:55","guid":{"rendered":"http:\/\/www.dzs-z.hu\/tura\/?page_id=228"},"modified":"2017-04-01T11:41:52","modified_gmt":"2017-04-01T11:41:52","slug":"vertes","status":"publish","type":"page","link":"http:\/\/www.dzs-z.hu\/tura\/vertes","title":{"rendered":"V\u00e9rtes-hegys\u00e9gbeli turista \u00fatvonalak"},"content":{"rendered":"<div class=\"brcs\">\u2217 <a title=\"T\u00fara le\u00edr\u00e1sok, ismertet\u00fak dzs-z t\u00fara k\u00e9pei\" href=\"\/tura\">T\u00fara<\/a> \u00bb <a title=\"Dzs-z t\u00fara le\u00edr\u00e1sok a V\u00e9rtes-hegys\u00e9gbeli t\u00fara le\u00edr\u00e1s \" href=\"\/tura\/vertes\">V\u00e9rtes-hegys\u00e9gbeli t\u00fara le\u00edr\u00e1s<\/a><\/div>\n<div class=\"brcs\">\n\n<ul class=\"get_posts_class\">\n  <li><span class=\"gpc-c1\"><a href=\"http:\/\/www.dzs-z.hu\/tura\/egyeb\/okt\/okt-vertes-kohanyaspuszta-szarliget-az-okt-10-szakasz-teljesitese\"><img width=\"150\" height=\"150\" src=\"http:\/\/www.dzs-z.hu\/turawp\/wp-content\/uploads\/2022\/02\/okt-10-vargesztes-150x150.jpg\" class=\"attachment-thumbnail size-thumbnail wp-post-image\" alt=\"\" decoding=\"async\" srcset=\"http:\/\/www.dzs-z.hu\/turawp\/wp-content\/uploads\/2022\/02\/okt-10-vargesztes-150x150.jpg 150w, http:\/\/www.dzs-z.hu\/turawp\/wp-content\/uploads\/2022\/02\/okt-10-vargesztes-65x65.jpg 65w\" sizes=\"(max-width: 150px) 100vw, 150px\" \/><\/a><\/span><span class=\"gpc-c2\"><a href=\"http:\/\/www.dzs-z.hu\/tura\/egyeb\/okt\/okt-vertes-kohanyaspuszta-szarliget-az-okt-10-szakasz-teljesitese\">OKT V\u00e9rtes, K\u0151h\u00e1ny\u00e1spuszta - Sz\u00e1rliget, az OKT 10. szakasz teljes\u00edt\u00e9se<\/a><\/span><span class=\"gpc-c3\">2022-02-20 09:12:45<\/span><span class=\"gpc-c4\">Orsz\u00e1gos k\u00e9kt\u00fara 10. szakasz\u00e1nak utols\u00f3 20km-es r\u00e9szszakasza. K\u0151h\u00e1ny\u00e1spuszt\u00e1r\u00f3l sz\u00e1rligetig tart\u00f3 V\u00e9rtesi t\u00fara.<\/span><a href=\"http:\/\/www.dzs-z.hu\/tura\/egyeb\/okt\/okt-vertes-kohanyaspuszta-szarliget-az-okt-10-szakasz-teljesitese\">Tov\u00e1bb<\/a><\/li>\n  <li><span class=\"gpc-c1\"><a href=\"http:\/\/www.dzs-z.hu\/tura\/egyeb\/okt\/okt-vertes-bodajk-kohanyaspuszta-az-okt-10-szakasz-teljesitese\"><img width=\"150\" height=\"150\" src=\"http:\/\/www.dzs-z.hu\/turawp\/wp-content\/uploads\/2022\/02\/okt-10-bodajk-gant-kohanyaspuszta-150x150.jpg\" class=\"attachment-thumbnail size-thumbnail wp-post-image\" alt=\"\" decoding=\"async\" srcset=\"http:\/\/www.dzs-z.hu\/turawp\/wp-content\/uploads\/2022\/02\/okt-10-bodajk-gant-kohanyaspuszta-150x150.jpg 150w, http:\/\/www.dzs-z.hu\/turawp\/wp-content\/uploads\/2022\/02\/okt-10-bodajk-gant-kohanyaspuszta-65x65.jpg 65w\" sizes=\"(max-width: 150px) 100vw, 150px\" \/><\/a><\/span><span class=\"gpc-c2\"><a href=\"http:\/\/www.dzs-z.hu\/tura\/egyeb\/okt\/okt-vertes-bodajk-kohanyaspuszta-az-okt-10-szakasz-teljesitese\">OKT V\u00e9rtes, Bodajk - K\u0151h\u00e1ny\u00e1spuszta, az OKT 10. szakasz teljes\u00edt\u00e9se<\/a><\/span><span class=\"gpc-c3\">2021-05-30 20:10:02<\/span><span class=\"gpc-c4\">Orsz\u00e1gos k\u00e9kt\u00fara 10. szakasz\u00e1nak els\u0151 36km-es r\u00e9szszakasza. Bodajkt\u00f3l k\u0151h\u00e1ny\u00e1spuszt\u00e1ig tart\u00f3 V\u00e9rtesi t\u00fara.<\/span><a href=\"http:\/\/www.dzs-z.hu\/tura\/egyeb\/okt\/okt-vertes-bodajk-kohanyaspuszta-az-okt-10-szakasz-teljesitese\">Tov\u00e1bb<\/a><\/li>\n  <li><span class=\"gpc-c1\"><a href=\"http:\/\/www.dzs-z.hu\/tura\/egyeb\/csaladi-kirandulas\/vertesi-panorama-tanosveny\"><img width=\"150\" height=\"150\" src=\"http:\/\/www.dzs-z.hu\/turawp\/wp-content\/uploads\/2017\/05\/vertes-vertesi-panorama-tanosveny-150x150.jpg\" class=\"attachment-thumbnail size-thumbnail wp-post-image\" alt=\"\" decoding=\"async\" \/><\/a><\/span><span class=\"gpc-c2\"><a href=\"http:\/\/www.dzs-z.hu\/tura\/egyeb\/csaladi-kirandulas\/vertesi-panorama-tanosveny\">V\u00e9rtesi Panor\u00e1ma tan\u00f6sv\u00e9ny<\/a><\/span><span class=\"gpc-c3\">2014-05-07 08:32:04<\/span><span class=\"gpc-c4\"><\/span><a href=\"http:\/\/www.dzs-z.hu\/tura\/egyeb\/csaladi-kirandulas\/vertesi-panorama-tanosveny\">Tov\u00e1bb<\/a><\/li>\n<\/ul><\/div>\n<h4>V\u00e9rtes-hegys\u00e9gbeli t\u00fara le\u00edr\u00e1s<\/h4>\n<p class=\"tab2\">2005-04-09 :: <a href=\"\/tura\/Vertes\/KohanyasPuszta\/index.html\">K\u0151h\u00e1ny\u00e1s pusztai t\u00fara<\/a> Kiaut\u00f3k\u00e1ztunk K\u0151h\u00e1ny\u00e1s-puszt\u00e1ra, meg\u00e1lltunk, \u00e9s s\u00e9t\u00e1ltunk egyet a k\u00f6zeli erd\u0151ben. Els\u00e9t\u00e1ltunk a Cs\u00e1ki v\u00e1rig, majd az es\u0151 miatt a m\u0171\u00faton vissza a faluhoz.<\/p>\n<p>2005-06-20 :: <a href=\"\/tura\/Vertes\/2005Vertestura\/Hetfo\/index.html\">M\u00f3r &#8211; Cs\u00f3kak\u0151 t\u00fara<\/a> Cs\u00f3kak\u0151i t\u00fara :: M\u00f3r :: Cs\u00f3kak\u0151 :: M\u00f3r<\/p>\n<p>2005-06-20 :: <a href=\"\/tura\/Vertes\/2005Vertestura\/leiras\/index.html\">V\u00e9rtes t\u00fara 2005<\/a> 2005 egy hetes V\u00e9rtes t\u00fara :: M\u00f3ri sz\u00e1ll\u00e1ssal<\/p>\n<p>2005-06-20 :: <a href=\"\/tura\/Vertes\/2005Vertestura\/index.html\">V\u00e9rtes t\u00fara 2005 tervezet<\/a> V\u00e9rtes t\u00fara 2005 :: 1 hetes t\u00fara :: M\u00f3ri sz\u00e1ll\u00e1s<\/p>\n<p>2005-06-21 :: <a href=\"\/tura\/Vertes\/2005Vertestura\/Kedd\/index.html\">Cs\u00e1kv\u00e1r &#8211; G\u00e1nt t\u00fara<\/a> Kelet v\u00e9rtesi t\u00fara :: Cs\u00e1kv\u00e1r :: G\u00e1nt :: Cs\u00e1kv\u00e1r<\/p>\n<p>2005-06-23 :: <a href=\"\/tura\/Vertes\/2005Vertestura\/Csutortok\/index.html\">Oroszl\u00e1ny &#8211; M\u00f3r t\u00fara<\/a> \u00c9szak v\u00e9rtesi t\u00fara :: Oroszl\u00e1ny :: M\u00f3r<\/p>\n<p>2005-06-24 :: <a href=\"\/tura\/Vertes\/2005Vertestura\/Pentek\/index.html\">K\u0151h\u00e1ny\u00e1spuszta &#8211; V\u00e1rgesztes t\u00fara<\/a> Barangol\u00e1s a V\u00e9rtesben :: K\u0151h\u00e1ny\u00e1spuszta :: Cs\u00e1kv\u00e1r : V\u00e1rgesztes<\/p>\n<p>2005-06-25 :: <a href=\"\/tura\/Vertes\/2005Vertestura\/Szombat\/index.html\">Cs\u00e1kber\u00e9ny k\u00f6rny\u00e9ke<\/a> Cs\u00e1kber\u00e9ny k\u00f6rny\u00e9ki t\u00fara.<\/p>\n<div class=\"inpostadsfull\"><div style=\"margin:10px auto;text-align:center;\"><script async src=\"\/\/pagead2.googlesyndication.com\/pagead\/js\/adsbygoogle.js\"><\/script><!-- Dzs-recept-1 --><ins class=\"adsbygoogle\"     style=\"display:inline-block;width:728px;height:90px\"     data-ad-client=\"ca-pub-5246420517641697\"     data-ad-slot=\"3352945761\"><\/ins><script>(adsbygoogle = window.adsbygoogle || []).push({});<\/script><\/div><\/div>","protected":false},"excerpt":{"rendered":"<p>\u2217 T\u00fara \u00bb V\u00e9rtes-hegys\u00e9gbeli t\u00fara le\u00edr\u00e1s V\u00e9rtes-hegys\u00e9gbeli t\u00fara le\u00edr\u00e1s 2005-04-09 :: K\u0151h\u00e1ny\u00e1s pusztai t\u00fara Kiaut\u00f3k\u00e1ztunk K\u0151h\u00e1ny\u00e1s-puszt\u00e1ra, meg\u00e1lltunk, \u00e9s s\u00e9t\u00e1ltunk egyet a k\u00f6zeli erd\u0151ben. Els\u00e9t\u00e1ltunk a Cs\u00e1ki v\u00e1rig, majd az es\u0151 miatt a m\u0171\u00faton vissza a faluhoz. 2005-06-20 :: M\u00f3r &#8211; Cs\u00f3kak\u0151 t\u00fara Cs\u00f3kak\u0151i t\u00fara :: M\u00f3r :: Cs\u00f3kak\u0151 :: M\u00f3r 2005-06-20 :: V\u00e9rtes t\u00fara 2005 [&hellip;]<\/p>\n","protected":false},"author":1,"featured_media":0,"parent":0,"menu_order":0,"comment_status":"closed","ping_status":"closed","template":"page-hegyseg.php","meta":{"footnotes":""},"_links":{"self":[{"href":"http:\/\/www.dzs-z.hu\/tura\/wp-json\/wp\/v2\/pages\/228"}],"collection":[{"href":"http:\/\/www.dzs-z.hu\/tura\/wp-json\/wp\/v2\/pages"}],"about":[{"href":"http:\/\/www.dzs-z.hu\/tura\/wp-json\/wp\/v2\/types\/page"}],"author":[{"embeddable":true,"href":"http:\/\/www.dzs-z.hu\/tura\/wp-json\/wp\/v2\/users\/1"}],"replies":[{"embeddable":true,"href":"http:\/\/www.dzs-z.hu\/tura\/wp-json\/wp\/v2\/comments?post=228"}],"version-history":[{"count":3,"href":"http:\/\/www.dzs-z.hu\/tura\/wp-json\/wp\/v2\/pages\/228\/revisions"}],"predecessor-version":[{"id":641,"href":"http:\/\/www.dzs-z.hu\/tura\/wp-json\/wp\/v2\/pages\/228\/revisions\/641"}],"wp:attachment":[{"href":"http:\/\/www.dzs-z.hu\/tura\/wp-json\/wp\/v2\/media?parent=228"}],"curies":[{"name":"wp","href":"https:\/\/api.w.org\/{rel}","templated":true}]}}

Vértes-hegységbeli turista útvonalak

<div class="brcs">∗ <a title="Túra leírások, ismertetúk dzs-z túra képei" href="/tura">Túra</a> » <a title="Dzs-z túra leírások a Vértes-hegységbeli túra leírás " href="/tura/vertes">Vértes-hegységbeli túra leírás</a></div>
<div class="brcs">

<ul class="get_posts_class">
  <li><span class="gpc-c1"><a href="http://www.dzs-z.hu/tura/egyeb/okt/okt-vertes-kohanyaspuszta-szarliget-az-okt-10-szakasz-teljesitese"><img width="150" height="150" src="http://www.dzs-z.hu/turawp/wp-content/uploads/2022/02/okt-10-vargesztes-150x150.jpg" class="attachment-thumbnail size-thumbnail wp-post-image" alt="" decoding="async" srcset="http://www.dzs-z.hu/turawp/wp-content/uploads/2022/02/okt-10-vargesztes-150x150.jpg 150w, http://www.dzs-z.hu/turawp/wp-content/uploads/2022/02/okt-10-vargesztes-65x65.jpg 65w" sizes="(max-width: 150px) 100vw, 150px" /></a></span><span class="gpc-c2"><a href="http://www.dzs-z.hu/tura/egyeb/okt/okt-vertes-kohanyaspuszta-szarliget-az-okt-10-szakasz-teljesitese">OKT Vértes, Kőhányáspuszta - Szárliget, az OKT 10. szakasz teljesítése</a></span><span class="gpc-c3">2022-02-20 09:12:45</span><span class="gpc-c4">Országos kéktúra 10. szakaszának utolsó 20km-es részszakasza. Kőhányáspusztáról szárligetig tartó Vértesi túra.</span><a href="http://www.dzs-z.hu/tura/egyeb/okt/okt-vertes-kohanyaspuszta-szarliget-az-okt-10-szakasz-teljesitese">Tovább</a></li>
  <li><span class="gpc-c1"><a href="http://www.dzs-z.hu/tura/egyeb/okt/okt-vertes-bodajk-kohanyaspuszta-az-okt-10-szakasz-teljesitese"><img width="150" height="150" src="http://www.dzs-z.hu/turawp/wp-content/uploads/2022/02/okt-10-bodajk-gant-kohanyaspuszta-150x150.jpg" class="attachment-thumbnail size-thumbnail wp-post-image" alt="" decoding="async" srcset="http://www.dzs-z.hu/turawp/wp-content/uploads/2022/02/okt-10-bodajk-gant-kohanyaspuszta-150x150.jpg 150w, http://www.dzs-z.hu/turawp/wp-content/uploads/2022/02/okt-10-bodajk-gant-kohanyaspuszta-65x65.jpg 65w" sizes="(max-width: 150px) 100vw, 150px" /></a></span><span class="gpc-c2"><a href="http://www.dzs-z.hu/tura/egyeb/okt/okt-vertes-bodajk-kohanyaspuszta-az-okt-10-szakasz-teljesitese">OKT Vértes, Bodajk - Kőhányáspuszta, az OKT 10. szakasz teljesítése</a></span><span class="gpc-c3">2021-05-30 20:10:02</span><span class="gpc-c4">Országos kéktúra 10. szakaszának első 36km-es részszakasza. Bodajktól kőhányáspusztáig tartó Vértesi túra.</span><a href="http://www.dzs-z.hu/tura/egyeb/okt/okt-vertes-bodajk-kohanyaspuszta-az-okt-10-szakasz-teljesitese">Tovább</a></li>
  <li><span class="gpc-c1"><a href="http://www.dzs-z.hu/tura/egyeb/csaladi-kirandulas/vertesi-panorama-tanosveny"><img width="150" height="150" src="http://www.dzs-z.hu/turawp/wp-content/uploads/2017/05/vertes-vertesi-panorama-tanosveny-150x150.jpg" class="attachment-thumbnail size-thumbnail wp-post-image" alt="" decoding="async" /></a></span><span class="gpc-c2"><a href="http://www.dzs-z.hu/tura/egyeb/csaladi-kirandulas/vertesi-panorama-tanosveny">Vértesi Panoráma tanösvény</a></span><span class="gpc-c3">2014-05-07 08:32:04</span><span class="gpc-c4"></span><a href="http://www.dzs-z.hu/tura/egyeb/csaladi-kirandulas/vertesi-panorama-tanosveny">Tovább</a></li>
</ul></div>
<h4>Vértes-hegységbeli túra leírás</h4>
<p class="tab2">2005-04-09 :: <a href="/tura/Vertes/KohanyasPuszta/index.html">Kőhányás pusztai túra</a> Kiautókáztunk Kőhányás-pusztára, megálltunk, és sétáltunk egyet a közeli erdőben. Elsétáltunk a Csáki várig, majd az eső miatt a műúton vissza a faluhoz.</p>
<p>2005-06-20 :: <a href="/tura/Vertes/2005Vertestura/Hetfo/index.html">Mór &#8211; Csókakő túra</a> Csókakői túra :: Mór :: Csókakő :: Mór</p>
<p>2005-06-20 :: <a href="/tura/Vertes/2005Vertestura/leiras/index.html">Vértes túra 2005</a> 2005 egy hetes Vértes túra :: Móri szállással</p>
<p>2005-06-20 :: <a href="/tura/Vertes/2005Vertestura/index.html">Vértes túra 2005 tervezet</a> Vértes túra 2005 :: 1 hetes túra :: Móri szállás</p>
<p>2005-06-21 :: <a href="/tura/Vertes/2005Vertestura/Kedd/index.html">Csákvár &#8211; Gánt túra</a> Kelet vértesi túra :: Csákvár :: Gánt :: Csákvár</p>
<p>2005-06-23 :: <a href="/tura/Vertes/2005Vertestura/Csutortok/index.html">Oroszlány &#8211; Mór túra</a> Észak vértesi túra :: Oroszlány :: Mór</p>
<p>2005-06-24 :: <a href="/tura/Vertes/2005Vertestura/Pentek/index.html">Kőhányáspuszta &#8211; Várgesztes túra</a> Barangolás a Vértesben :: Kőhányáspuszta :: Csákvár : Várgesztes</p>
<p>2005-06-25 :: <a href="/tura/Vertes/2005Vertestura/Szombat/index.html">Csákberény környéke</a> Csákberény környéki túra.</p>
<div class="inpostadsfull"><div style="margin:10px auto;text-align:center;"><script async src="//pagead2.googlesyndication.com/pagead/js/adsbygoogle.js"></script><!-- Dzs-recept-1 --><ins class="adsbygoogle"     style="display:inline-block;width:728px;height:90px"     data-ad-client="ca-pub-5246420517641697"     data-ad-slot="3352945761"></ins><script>(adsbygoogle = window.adsbygoogle || []).push({});</script></div></div>

<p>∗ Túra » Vértes-hegységbeli túra leírás Vértes-hegységbeli túra leírás 2005-04-09 :: Kőhányás pusztai túra Kiautókáztunk Kőhányás-pusztára, megálltunk, és sétáltunk egyet a közeli erdőben. Elsétáltunk a Csáki várig, majd az eső miatt a műúton vissza a faluhoz. 2005-06-20 :: Mór &#8211; Csókakő túra Csókakői túra :: Mór :: Csókakő :: Mór 2005-06-20 :: Vértes túra 2005 [&hellip;]</p>
