{"id":236,"date":"2013-12-23T10:14:40","date_gmt":"2013-12-23T10:14:40","guid":{"rendered":"http:\/\/www.dzs-z.hu\/tura\/?page_id=236"},"modified":"2013-12-23T10:14:51","modified_gmt":"2013-12-23T10:14:51","slug":"zalai","status":"publish","type":"page","link":"http:\/\/www.dzs-z.hu\/tura\/zalai","title":{"rendered":"Zalai-dombs\u00e1g t\u00far\u00e1ink"},"content":{"rendered":"<div class=\"brcs\">\u2217 <span itemscope=\"\" itemtype=\"http:\/\/data-vocabulary.org\/Breadcrumb\"><a itemprop=\"url\" title=\"T\u00fara le\u00edr\u00e1sok, ismertet\u00fak dzs-z t\u00fara k\u00e9pei\" href=\"\/tura\"><span itemprop=\"title\">T\u00fara<\/span><\/a><\/span> \u00bb <a itemprop=\"url\" title=\"Dzs-z t\u00fara le\u00edr\u00e1sok a A Zalai-dombs\u00e1g ter\u00fclet\u00e9n megtett t\u00far\u00e1ink le\u00edr\u00e1sa. \" href=\"\/tura\/zalai\"><span itemprop=\"title\">A Zalai-dombs\u00e1g ter\u00fclet\u00e9n megtett t\u00far\u00e1ink le\u00edr\u00e1sa.<\/span><\/a><\/div>\n<h3>A Zalai-dombs\u00e1g ter\u00fclet\u00e9n megtett t\u00far\u00e1ink le\u00edr\u00e1sa.<\/h3>\n<p class=\"tab2\">A Zalai-dombs\u00e1g ter\u00fclet\u00e9n \u00e1tvezetett t\u00far\u00e1nk jelenleg nincs az oldalon.<\/p>\n<div class=\"inpostadsfull\"><div style=\"margin:10px auto;text-align:center;\"><script async src=\"\/\/pagead2.googlesyndication.com\/pagead\/js\/adsbygoogle.js\"><\/script><!-- Dzs-recept-1 --><ins class=\"adsbygoogle\"     style=\"display:inline-block;width:728px;height:90px\"     data-ad-client=\"ca-pub-5246420517641697\"     data-ad-slot=\"3352945761\"><\/ins><script>(adsbygoogle = window.adsbygoogle || []).push({});<\/script><\/div><\/div>","protected":false},"excerpt":{"rendered":"<p>\u2217 T\u00fara \u00bb A Zalai-dombs\u00e1g ter\u00fclet\u00e9n megtett t\u00far\u00e1ink le\u00edr\u00e1sa. A Zalai-dombs\u00e1g ter\u00fclet\u00e9n megtett t\u00far\u00e1ink le\u00edr\u00e1sa. A Zalai-dombs\u00e1g ter\u00fclet\u00e9n \u00e1tvezetett t\u00far\u00e1nk jelenleg nincs az oldalon.<\/p>\n","protected":false},"author":1,"featured_media":0,"parent":0,"menu_order":0,"comment_status":"closed","ping_status":"closed","template":"page-hegyseg.php","meta":{"footnotes":""},"_links":{"self":[{"href":"http:\/\/www.dzs-z.hu\/tura\/wp-json\/wp\/v2\/pages\/236"}],"collection":[{"href":"http:\/\/www.dzs-z.hu\/tura\/wp-json\/wp\/v2\/pages"}],"about":[{"href":"http:\/\/www.dzs-z.hu\/tura\/wp-json\/wp\/v2\/types\/page"}],"author":[{"embeddable":true,"href":"http:\/\/www.dzs-z.hu\/tura\/wp-json\/wp\/v2\/users\/1"}],"replies":[{"embeddable":true,"href":"http:\/\/www.dzs-z.hu\/tura\/wp-json\/wp\/v2\/comments?post=236"}],"version-history":[{"count":2,"href":"http:\/\/www.dzs-z.hu\/tura\/wp-json\/wp\/v2\/pages\/236\/revisions"}],"predecessor-version":[{"id":238,"href":"http:\/\/www.dzs-z.hu\/tura\/wp-json\/wp\/v2\/pages\/236\/revisions\/238"}],"wp:attachment":[{"href":"http:\/\/www.dzs-z.hu\/tura\/wp-json\/wp\/v2\/media?parent=236"}],"curies":[{"name":"wp","href":"https:\/\/api.w.org\/{rel}","templated":true}]}}