{"id":39,"date":"2013-12-17T18:52:34","date_gmt":"2013-12-17T18:52:34","guid":{"rendered":"http:\/\/www.dzs-z.hu\/tura\/?page_id=39"},"modified":"2013-12-17T19:10:29","modified_gmt":"2013-12-17T19:10:29","slug":"a-turista-tizparancsolata","status":"publish","type":"page","link":"http:\/\/www.dzs-z.hu\/tura\/hasznos-infok\/a-turista-tizparancsolata","title":{"rendered":"A turista t\u00edzparancsolata"},"content":{"rendered":"<div class=\"brcs\">\u2217 <span itemscope=\"\" itemtype=\"http:\/\/data-vocabulary.org\/Breadcrumb\"><a itemprop=\"url\" title=\"T\u00fara le\u00edr\u00e1sok, ismertet\u00fak dzs-z t\u00fara k\u00e9pei\" href=\"\/tura\"><span itemprop=\"title\">T\u00fara<\/span><\/a><\/span> \u00bb <span itemscope=\"\" itemtype=\"http:\/\/data-vocabulary.org\/Breadcrumb\"><a itemprop=\"url\" title=\"A turista t\u00edzparancsolata. \" href=\"\/tura\/a_turista_tizparancsolata\"><span itemprop=\"title\">A turista t\u00edzparancsolata<\/span><\/a><\/span><\/div>\n<h3>A turista t\u00edzparancsolata<\/h3>\n<ol>\n<li>Szeresd a term\u00e9szetet \u00e9s \u00e1h\u00edtattal l\u00e9pj szent\u00e9ly\u00e9be! &#8211; Nem is szab\u00e1ly, nem is parancs; egyszer\u0171en csak azt akarja mondani, hogy aki nem szereti a term\u00e9szetet \u00e9s nem \u00e1h\u00edtatos \u00e9s der\u00fclt l\u00e9lekkel keresi fel, az ne akarjon turista lenni. Ne akarjon, mert nem is lehet; abb\u00f3l csak &#8222;kir\u00e1ndul\u00f3&#8221; vagy &#8211; ter\u00fclet tulajdonos v\u00e1lhat.<\/li>\n<li>Turistamezben is kult\u00farember maradj! &#8211; Ez m\u00e1r parancs, viszont nem nagyon neh\u00e9z a teljes\u00edt\u00e9se; aki kult\u00farember a v\u00e1rosban, az sz\u00e1zszorta ink\u00e1bb kult\u00farember tud lenni a term\u00e9szet \u00fcnnep\u00e9lyes csendj\u00e9ben. A kult\u00fara alatt itt nem fizikai, hanem lelki kult\u00fara \u00e9rtend\u0151, kult\u00farember az, aki mindig \u00e9s minden\u00fctt &#8211; teh\u00e1t akkor is, amikor egyed\u00fcl j\u00e1r az erd\u0151k m\u00e9ly\u00e9n &#8211; \u00fagy viselkedik, mintha j\u00f3 \u00edzl\u00e9s\u0171 \u00e9s kult\u00faremberekb\u0151l \u00e1ll\u00f3 t\u00e1rsas\u00e1gban volna! P\u00e9ld\u00e1ul: nem vetk\u0151zik der\u00e9kig meztelenre, nem \u00f6lt\u00f6zik &#8222;weekend koszt\u00fcmbe&#8221; \u00e9s \u00e1ltal\u00e1ban nem \u00edzl\u00e9stelenkedik!<\/li>\n<li>Ne feledd, hogy turist\u00e1hoz m\u00e9ltatlan magaviselettel a turistas\u00e1g \u00fcgy\u00e9nek \u00e1rtasz! &#8211; Ne feledd \u00e9s ne engedd feledtetni; ne hunyd be a szemed, amikor rendetlenked\u0151kkel tal\u00e1lkozol; minden j\u00f3 turista rend\u0151r, k\u00fcl\u00f6n\u00f6sen addig, am\u00edg nincs turistarend\u00e9szet!<\/li>\n<li>Ne \u00e9lj vissza a vend\u00e9gjoggal \u00e9s tiszteld a m\u00e1sok vagyon\u00e1t! &#8211; Ehhez azt, hiszem, nem kell komment\u00e1r!<\/li>\n<li>Turista\u00fatr\u00f3l le ne t\u00e9rj; tilos ter\u00fcleten enged\u00e9ly n\u00e9lk\u00fcl ne j\u00e1rj! &#8211; K\u00e9t elemi szab\u00e1ly!<\/li>\n<li>L\u00e9gy vid\u00e1m, de ne l\u00e1rm\u00e1s; az erd\u0151ben ne a turist\u00e1k, hanem a madarak \u00e9nekeljenek! &#8211; Sajnos, vannak, akik a vid\u00e1ms\u00e1got nem tudj\u00e1k elv\u00e1lasztani a l\u00e1rm\u00e1t\u00f3l \u00e9s azt hiszik, hogy a vid\u00e1ms\u00e1g legjobb kifejez\u0151je mindig a leg\u00fajabb kupl\u00e9sl\u00e1ger. Szeg\u00e9nyek! &#8211; mit \u00e9lvezhetnek ezek a term\u00e9szetb\u0151l?<\/li>\n<li>Tartsd tiszt\u00e1n a forr\u00e1sokat, patakokat, pihen\u0151ket \u00e9s a hullad\u00e9kot rejtsd el! &#8211; A kult\u00farember legelemibb k\u00f6teless\u00e9gei!<\/li>\n<li>\u00c9g\u0151 t\u00e1rgyat el ne dobj, erd\u0151ben t\u00fczet ne rakj! &#8211; El\u0151sz\u00f6r az\u00e9rt ne, mert tilos, m\u00e1sodszor, mert vesz\u00e9lyes. Egyik sem \u00e9letsz\u00fcks\u00e9glet; ha azonban a k\u00f6r\u00fclm\u00e9nyek \u00edgy hozn\u00e1k magukkal, hogy kell t\u00fczet rakni, abban az esetben menj ki az erd\u0151b\u0151l!<\/li>\n<li>K\u00edm\u00e9ld az erd\u0151 vadjait; gy\u00fcm\u00f6lcsf\u00e1kr\u00f3l m\u00e9g vir\u00e1got se szak\u00edts! &#8211; Ezt sem kell egy kult\u00farembernek a figyelm\u00e9be aj\u00e1nlani, mert mind a kett\u0151 term\u00e9szetes k\u00f6teless\u00e9g. Minden vir\u00e1g, amit gy\u00fcm\u00f6lcsf\u00e1r\u00f3l szak\u00edtott\u00e1l, egy-egy alma, k\u00f6rte, vagy \u0151szibarack, melyet vir\u00e1gj\u00e1ban puszt\u00edtott\u00e1l el!! Gondold ezt meg, miel\u0151tt vir\u00e1gos \u00e1g ut\u00e1n ny\u00faln\u00e1l!!<\/li>\n<li>Becs\u00fcld turistat\u00e1rsadat s bajban el ne hagyd, mert az becstelens\u00e9g! &#8211; Becs\u00fcld meg azokat, akik egy\u00fctt indulnak \u00fatnak, akik \u00e9pp\u00fagy szeretik a term\u00e9szetet mint te; becs\u00fcld meg t\u00e1rsaidat, akik \u00e9pp\u00fagy becs\u00fclnek t\u00e9ged is. Szeresd \u0151ket; ne keresd a hib\u00e1ikat, de ha tal\u00e1ln\u00e1l egyet, ne nagyk\u00e9p\u0171 f\u00f6l\u00e9nnyel ess nekik, hanem szeretettel \u00e9s meg\u00e9rt\u00e9ssel figyelmeztesd \u0151ket \u00e9s ne feledd, hogy neked is vannak hib\u00e1id! &#8211; ha ezeket veszi \u00e9szre valaki \u00e9s figyelmeztet, ne s\u00e9rt\u0151dj meg; aki szeretettel k\u00f6zel\u00edt hozz\u00e1d, annak mindig megfogadhatod a szav\u00e1t s\u00e9rt\u0151d\u00e9s n\u00e9lk\u00fcl. Ha egyik t\u00e1rsadnak baja esik, te l\u00e9gy az els\u0151, aki seg\u00edts\u00e9g\u00e9re siet \u00e9s ne b\u00e1nd programod v\u00e1ltoz\u00e1s\u00e1t, ha egy t\u00e1rsadon seg\u00edthetsz ezen az \u00e1ron.<\/li>\n<\/ol>\n<p><i>A fenti parancsolat a: <a href=\"http:\/\/www.fsz.bme.hu\/mtsz\/szakmai\/kezdo04.htm\" rel=\"nofollow\">http:\/\/www.fsz.bme.hu\/mtsz\/szakmai\/kezdo04.htm<\/a> oldalon tal\u00e1lhat\u00f3. {2005.08.04.} <\/i><\/p>\n<p>&nbsp;<\/p>\n<div class=\"inpostadsfull\"><div style=\"margin:10px auto;text-align:center;\"><script async src=\"\/\/pagead2.googlesyndication.com\/pagead\/js\/adsbygoogle.js\"><\/script><!-- Dzs-recept-1 --><ins class=\"adsbygoogle\"     style=\"display:inline-block;width:728px;height:90px\"     data-ad-client=\"ca-pub-5246420517641697\"     data-ad-slot=\"3352945761\"><\/ins><script>(adsbygoogle = window.adsbygoogle || []).push({});<\/script><\/div><\/div>","protected":false},"excerpt":{"rendered":"<p>\u2217 T\u00fara \u00bb A turista t\u00edzparancsolata A turista t\u00edzparancsolata Szeresd a term\u00e9szetet \u00e9s \u00e1h\u00edtattal l\u00e9pj szent\u00e9ly\u00e9be! &#8211; Nem is szab\u00e1ly, nem is parancs; egyszer\u0171en csak azt akarja mondani, hogy aki nem szereti a term\u00e9szetet \u00e9s nem \u00e1h\u00edtatos \u00e9s der\u00fclt l\u00e9lekkel keresi fel, az ne akarjon turista lenni. Ne akarjon, mert nem is lehet; abb\u00f3l csak [&hellip;]<\/p>\n","protected":false},"author":1,"featured_media":0,"parent":47,"menu_order":0,"comment_status":"closed","ping_status":"closed","template":"","meta":{"footnotes":""},"_links":{"self":[{"href":"http:\/\/www.dzs-z.hu\/tura\/wp-json\/wp\/v2\/pages\/39"}],"collection":[{"href":"http:\/\/www.dzs-z.hu\/tura\/wp-json\/wp\/v2\/pages"}],"about":[{"href":"http:\/\/www.dzs-z.hu\/tura\/wp-json\/wp\/v2\/types\/page"}],"author":[{"embeddable":true,"href":"http:\/\/www.dzs-z.hu\/tura\/wp-json\/wp\/v2\/users\/1"}],"replies":[{"embeddable":true,"href":"http:\/\/www.dzs-z.hu\/tura\/wp-json\/wp\/v2\/comments?post=39"}],"version-history":[{"count":3,"href":"http:\/\/www.dzs-z.hu\/tura\/wp-json\/wp\/v2\/pages\/39\/revisions"}],"predecessor-version":[{"id":42,"href":"http:\/\/www.dzs-z.hu\/tura\/wp-json\/wp\/v2\/pages\/39\/revisions\/42"}],"up":[{"embeddable":true,"href":"http:\/\/www.dzs-z.hu\/tura\/wp-json\/wp\/v2\/pages\/47"}],"wp:attachment":[{"href":"http:\/\/www.dzs-z.hu\/tura\/wp-json\/wp\/v2\/media?parent=39"}],"curies":[{"name":"wp","href":"https:\/\/api.w.org\/{rel}","templated":true}]}}

A turista tízparancsolata

<div class="brcs">∗ <span itemscope="" itemtype="http://data-vocabulary.org/Breadcrumb"><a itemprop="url" title="Túra leírások, ismertetúk dzs-z túra képei" href="/tura"><span itemprop="title">Túra</span></a></span> » <span itemscope="" itemtype="http://data-vocabulary.org/Breadcrumb"><a itemprop="url" title="A turista tízparancsolata. " href="/tura/a_turista_tizparancsolata"><span itemprop="title">A turista tízparancsolata</span></a></span></div>
<h3>A turista tízparancsolata</h3>
<ol>
<li>Szeresd a természetet és áhítattal lépj szentélyébe! &#8211; Nem is szabály, nem is parancs; egyszerűen csak azt akarja mondani, hogy aki nem szereti a természetet és nem áhítatos és derült lélekkel keresi fel, az ne akarjon turista lenni. Ne akarjon, mert nem is lehet; abból csak &#8222;kiránduló&#8221; vagy &#8211; terület tulajdonos válhat.</li>
<li>Turistamezben is kultúrember maradj! &#8211; Ez már parancs, viszont nem nagyon nehéz a teljesítése; aki kultúrember a városban, az százszorta inkább kultúrember tud lenni a természet ünnepélyes csendjében. A kultúra alatt itt nem fizikai, hanem lelki kultúra értendő, kultúrember az, aki mindig és mindenütt &#8211; tehát akkor is, amikor egyedül jár az erdők mélyén &#8211; úgy viselkedik, mintha jó ízlésű és kultúremberekből álló társaságban volna! Például: nem vetkőzik derékig meztelenre, nem öltözik &#8222;weekend kosztümbe&#8221; és általában nem ízléstelenkedik!</li>
<li>Ne feledd, hogy turistához méltatlan magaviselettel a turistaság ügyének ártasz! &#8211; Ne feledd és ne engedd feledtetni; ne hunyd be a szemed, amikor rendetlenkedőkkel találkozol; minden jó turista rendőr, különösen addig, amíg nincs turistarendészet!</li>
<li>Ne élj vissza a vendégjoggal és tiszteld a mások vagyonát! &#8211; Ehhez azt, hiszem, nem kell kommentár!</li>
<li>Turistaútról le ne térj; tilos területen engedély nélkül ne járj! &#8211; Két elemi szabály!</li>
<li>Légy vidám, de ne lármás; az erdőben ne a turisták, hanem a madarak énekeljenek! &#8211; Sajnos, vannak, akik a vidámságot nem tudják elválasztani a lármától és azt hiszik, hogy a vidámság legjobb kifejezője mindig a legújabb kuplésláger. Szegények! &#8211; mit élvezhetnek ezek a természetből?</li>
<li>Tartsd tisztán a forrásokat, patakokat, pihenőket és a hulladékot rejtsd el! &#8211; A kultúrember legelemibb kötelességei!</li>
<li>Égő tárgyat el ne dobj, erdőben tüzet ne rakj! &#8211; Először azért ne, mert tilos, másodszor, mert veszélyes. Egyik sem életszükséglet; ha azonban a körülmények így hoznák magukkal, hogy kell tüzet rakni, abban az esetben menj ki az erdőből!</li>
<li>Kíméld az erdő vadjait; gyümölcsfákról még virágot se szakíts! &#8211; Ezt sem kell egy kultúrembernek a figyelmébe ajánlani, mert mind a kettő természetes kötelesség. Minden virág, amit gyümölcsfáról szakítottál, egy-egy alma, körte, vagy őszibarack, melyet virágjában pusztítottál el!! Gondold ezt meg, mielőtt virágos ág után nyúlnál!!</li>
<li>Becsüld turistatársadat s bajban el ne hagyd, mert az becstelenség! &#8211; Becsüld meg azokat, akik együtt indulnak útnak, akik éppúgy szeretik a természetet mint te; becsüld meg társaidat, akik éppúgy becsülnek téged is. Szeresd őket; ne keresd a hibáikat, de ha találnál egyet, ne nagyképű fölénnyel ess nekik, hanem szeretettel és megértéssel figyelmeztesd őket és ne feledd, hogy neked is vannak hibáid! &#8211; ha ezeket veszi észre valaki és figyelmeztet, ne sértődj meg; aki szeretettel közelít hozzád, annak mindig megfogadhatod a szavát sértődés nélkül. Ha egyik társadnak baja esik, te légy az első, aki segítségére siet és ne bánd programod változását, ha egy társadon segíthetsz ezen az áron.</li>
</ol>
<p><i>A fenti parancsolat a: <a href="http://www.fsz.bme.hu/mtsz/szakmai/kezdo04.htm" rel="nofollow">http://www.fsz.bme.hu/mtsz/szakmai/kezdo04.htm</a> oldalon található. {2005.08.04.} </i></p>
<p>&nbsp;</p>
<div class="inpostadsfull"><div style="margin:10px auto;text-align:center;"><script async src="//pagead2.googlesyndication.com/pagead/js/adsbygoogle.js"></script><!-- Dzs-recept-1 --><ins class="adsbygoogle"     style="display:inline-block;width:728px;height:90px"     data-ad-client="ca-pub-5246420517641697"     data-ad-slot="3352945761"></ins><script>(adsbygoogle = window.adsbygoogle || []).push({});</script></div></div>

<p>∗ Túra » A turista tízparancsolata A turista tízparancsolata Szeresd a természetet és áhítattal lépj szentélyébe! &#8211; Nem is szabály, nem is parancs; egyszerűen csak azt akarja mondani, hogy aki nem szereti a természetet és nem áhítatos és derült lélekkel keresi fel, az ne akarjon turista lenni. Ne akarjon, mert nem is lehet; abból csak [&hellip;]</p>
